{"id":10409,"date":"2025-02-21T18:40:41","date_gmt":"2025-02-21T21:40:41","guid":{"rendered":"https:\/\/rkpengenharia.com.br\/loja\/?post_type=product&#038;p=10409"},"modified":"2026-04-20T09:43:50","modified_gmt":"2026-04-20T12:43:50","slug":"capa-fotoprotetora-em-pebd-ambar-para-protecao-de-solucoes-fotossensiveis-e-nutricao","status":"publish","type":"product","link":"https:\/\/rkpengenharia.com.br\/loja\/produto\/capa-fotoprotetora-em-pebd-ambar-para-protecao-de-solucoes-fotossensiveis-e-nutricao\/","title":{"rendered":"Capa Fotoprotetora em PEBD Ambar para Protec\u0327a\u0303o de Soluc\u0327o\u0303es Fotossensi\u0301veis e Nutric\u0327a\u0303o"},"content":{"rendered":"\t\t<div data-elementor-type=\"wp-post\" data-elementor-id=\"10409\" class=\"elementor elementor-10409\" data-elementor-post-type=\"product\">\n\t\t\t\t\t\t<section class=\"wd-negative-gap elementor-section elementor-top-section elementor-element elementor-element-53edcdae elementor-section-boxed elementor-section-height-default elementor-section-height-default\" data-id=\"53edcdae\" data-element_type=\"section\">\n\t\t\t\t\t\t<div class=\"elementor-container elementor-column-gap-default\">\n\t\t\t\t\t<div class=\"elementor-column elementor-col-100 elementor-top-column elementor-element elementor-element-15ecca23\" data-id=\"15ecca23\" data-element_type=\"column\">\n\t\t\t<div class=\"elementor-widget-wrap elementor-element-populated\">\n\t\t\t\t\t\t<div class=\"elementor-element elementor-element-d6106a4 color-scheme-inherit text-left elementor-widget elementor-widget-text-editor\" data-id=\"d6106a4\" data-element_type=\"widget\" data-widget_type=\"text-editor.default\">\n\t\t\t\t<div class=\"elementor-widget-container\">\n\t\t\t\t\t\t\t\t\t<h3 data-start=\"65\" data-end=\"155\"><strong data-start=\"65\" data-end=\"153\">Capa fotoprotetora em PEBD \u00e2mbar para prote\u00e7\u00e3o de solu\u00e7\u00f5es fotossens\u00edveis e nutri\u00e7\u00e3o<\/strong><\/h3><p data-start=\"157\" data-end=\"417\">Fabricadas em polietileno virgem de baixa densidade com pigmenta\u00e7\u00e3o especial \u00e2mbar, essas capas s\u00e3o destinadas \u00e0 prote\u00e7\u00e3o de equipos e produtos fotossens\u00edveis, como soros e solu\u00e7\u00f5es para nutri\u00e7\u00e3o parenteral, entre outros, durante sua aplica\u00e7\u00e3o nos pacientes.<\/p><p data-start=\"419\" data-end=\"561\">Essas capas protetoras de equipos fotossens\u00edveis atendem a uma necessidade espec\u00edfica de hospitais, ind\u00fastrias farmac\u00eauticas e laborat\u00f3rios.<\/p><p data-start=\"563\" data-end=\"612\"><strong data-start=\"563\" data-end=\"575\">Tamanho:<\/strong> 33 cm de altura x 20 cm de largura<\/p><p data-start=\"614\" data-end=\"639\"><strong data-start=\"614\" data-end=\"625\">Anvisa:<\/strong> 80393919021<\/p>\t\t\t\t\t\t\t\t<\/div>\n\t\t\t\t<\/div>\n\t\t\t\t\t<\/div>\n\t\t<\/div>\n\t\t\t\t\t<\/div>\n\t\t<\/section>\n\t\t\t\t<\/div>\n\t\t","protected":false},"excerpt":{"rendered":"<p>Capa fotoprotetora em PEBD \u00e2mbar para prote\u00e7\u00e3o de solu\u00e7\u00f5es fotossens\u00edveis e nutri\u00e7\u00e3o Fabricadas em polietileno virgem de baixa densidade com<\/p>\n","protected":false},"featured_media":10728,"comment_status":"open","ping_status":"closed","template":"","meta":[],"product_brand":[],"product_cat":[101,68,99,65],"product_tag":[],"class_list":{"0":"post-10409","1":"product","2":"type-product","3":"status-publish","4":"has-post-thumbnail","6":"product_cat-capas-fotoprotetoras-para-bolsas-de-soro","7":"product_cat-consumiveis-hospitalares","8":"product_cat-infusao-e-bombas-de-seringa","9":"product_cat-venda-direta","11":"first","12":"instock","13":"shipping-taxable","14":"purchasable","15":"product-type-simple"},"_links":{"self":[{"href":"https:\/\/rkpengenharia.com.br\/loja\/wp-json\/wp\/v2\/product\/10409","targetHints":{"allow":["GET"]}}],"collection":[{"href":"https:\/\/rkpengenharia.com.br\/loja\/wp-json\/wp\/v2\/product"}],"about":[{"href":"https:\/\/rkpengenharia.com.br\/loja\/wp-json\/wp\/v2\/types\/product"}],"replies":[{"embeddable":true,"href":"https:\/\/rkpengenharia.com.br\/loja\/wp-json\/wp\/v2\/comments?post=10409"}],"version-history":[{"count":1,"href":"https:\/\/rkpengenharia.com.br\/loja\/wp-json\/wp\/v2\/product\/10409\/revisions"}],"predecessor-version":[{"id":10729,"href":"https:\/\/rkpengenharia.com.br\/loja\/wp-json\/wp\/v2\/product\/10409\/revisions\/10729"}],"wp:featuredmedia":[{"embeddable":true,"href":"https:\/\/rkpengenharia.com.br\/loja\/wp-json\/wp\/v2\/media\/10728"}],"wp:attachment":[{"href":"https:\/\/rkpengenharia.com.br\/loja\/wp-json\/wp\/v2\/media?parent=10409"}],"wp:term":[{"taxonomy":"product_brand","embeddable":true,"href":"https:\/\/rkpengenharia.com.br\/loja\/wp-json\/wp\/v2\/product_brand?post=10409"},{"taxonomy":"product_cat","embeddable":true,"href":"https:\/\/rkpengenharia.com.br\/loja\/wp-json\/wp\/v2\/product_cat?post=10409"},{"taxonomy":"product_tag","embeddable":true,"href":"https:\/\/rkpengenharia.com.br\/loja\/wp-json\/wp\/v2\/product_tag?post=10409"}],"curies":[{"name":"wp","href":"https:\/\/api.w.org\/{rel}","templated":true}]}}